Let b(s) = -2*s + 10. Let x be b(-9). Let j be (-56)/(-6)*72/x. What is the greatest common factor of 16 and j?
8
Suppose -5*f = 2*m - 10514, f = 10*m - 13*m + 2121. What is the highest common divisor of f and 476?
28
Let u(k) = 4*k**2 + 3*k - 7. Let s be u(-14). Let f = s - 685. Calculate the highest common factor of f and 500.
50
Let n be (-6)/9 + (-26)/(-3). Let c be (-6)/27 - (-592)/72. What is the greatest common divisor of n and c?
8
Let u(o) = o**3 + 16*o**2 + o + 67. Let n be u(-12). Let k = n + -517. What is the highest common factor of 418 and k?
38
Suppose 109*f - 63762 = -20598. Calculate the highest common divisor of 972 and f.
36
Let r be (5 + -4)/(10/(-8020)). Let z = r + 819. Calculate the highest common factor of 5 and z.
1
Suppose 0 = -3*f + 13 + 11. Let j be f*24/(-16)*(-1 - 0). Suppose 2*z - 2*a - 118 = -a, 2*z = 2*a + 116. Calculate the greatest common factor of z and j.
12
Let r(t) = 39*t - 26. Let h(f) = 116*f - 74. Let i(j) = -6*h(j) + 17*r(j). Let l be i(-2). What is the greatest common divisor of 153 and l?
17
Let v be 4/(-22) - ((-3645)/(-33))/3. Let o = v + 33. Let m(b) = -22*b - 7. Let a be m(o). What is the greatest common divisor of a and 54?
27
Suppose 5*c + 8 = 9*c. Let a be (7 + -36 - 7)*(c - 4). Let g be -6*(-3)/6 - -45. Calculate the highest common divisor of a and g.
24
Suppose 3*m = -4*i - 23, 2*i + m - 1 = 2*m. Let q be ((-26)/4)/(1/i). Suppose -q*h - 9 = -16*h. Calculate the highest common factor of h and 33.
3
Suppose -2*l = -2*d + 286, 0*d = 2*d + l - 301. Let j = -122 + d. What is the greatest common factor of 143 and j?
13
Suppose 0 = k + 3*w - 26 + 2, -2*w + 120 = 5*k. Calculate the highest common divisor of 664 and k.
8
Let y(z) = -17*z - 43. Let r be y(-4). Suppose 5*a = -r, -3*w + 4*a = -7*w. What is the highest common divisor of 55 and w?
5
Let z(y) = 3135*y**3 - 2*y**2 - 254*y + 253. Let c be z(1). Calculate the greatest common divisor of 812 and c.
116
Let q = 2728 + -2639. Calculate the greatest common divisor of 10769 and q.
89
Suppose -2588*t = -2594*t + 96. Let z be 12860/70 + (8/14)/2. Calculate the highest common factor of t and z.
8
Let x = 2207 - 2004. Calculate the highest common divisor of x and 29.
29
Suppose -o + 15 = -3. Let g(m) = -6*m**2 - 12*m**3 - 8 + 8*m**3 + 10. Let z be g(-4). Calculate the highest common factor of z and o.
18
Let r be (-800)/(-150) - 9168/(-36). Calculate the highest common factor of 4576 and r.
52
Let c = -279 - -254. Let k = c - -81. What is the highest common divisor of k and 448?
56
Let r(v) = -297*v + 734. Let g be r(-7). Calculate the highest common divisor of g and 97.
97
Let n(a) = -57*a + 1332. Let t be n(21). What is the highest common divisor of t and 567?
27
Let m be (12/(-8))/(1*(-1)/18). Let y = 8 + -2. Suppose d - 69 = -y. What is the greatest common divisor of d and m?
9
Let v = -83 + 281. What is the highest common divisor of v and 638?
22
Suppose -7*n + 276 = -6*n. Suppose 0 = -280*k + n*k + 40. Suppose 31 = 5*v - 3*o - 29, -2*v = -3*o - 15. Calculate the highest common divisor of k and v.
5
Let l = -3858 + 3850. Let s(f) = 4*f - 3. Let w be s(4). Let t = l + w. Calculate the highest common divisor of 5 and t.
5
Let n be ((-3)/(-4))/(174/928). Let p be (-2)/n - 342/(-36). What is the highest common divisor of p and 261?
9
Let m(g) = 23*g - 6. Let s be m(1). Suppose 20*t = s*t + 6. Let y = -20 - -32. Calculate the highest common factor of t and y.
2
Let a be 3*(-1 - (3 - 1095/(-9))). Let i = 1196 + a. Let p be i/4 - ((-6)/(-8))/(-3). What is the greatest common factor of 82 and p?
41
Let j = -664 + 1324. Let l = 1585 - j. What is the greatest common factor of 37 and l?
37
Let m(v) = 2*v**3 + 3*v**2 + 28*v - 13. Let w be m(-6). Let k(u) = -2*u**2 - u. Let x be k(13). Let q = x - w. Calculate the greatest common factor of q and 11.
11
Suppose 0 = u + 4, j = -u - 0 - 5. Let l = j + 6. Suppose 5*y + l*p - 11 = 19, 3*p = -15. Calculate the greatest common factor of y and 121.
11
Suppose 45*m - 88*m + 141255 = 0. Calculate the highest common factor of m and 9.
9
Let i(q) = 3*q**2 + 2*q + 43. Let g be i(5). What is the highest common divisor of 816 and g?
16
Let m(n) = -4 + 199*n**2 + 2 - 9*n + 4*n + 4*n. Let b be m(2). Suppose 0 = 4*y + 7*y - b. What is the highest common factor of y and 9?
9
Let c be (-2)/(-10) + 232/40 - -2. Let w(j) = -j**3 + 8*j**2 + 30. Let k be w(c). Calculate the greatest common divisor of k and 80.
10
Let i be (59/(-4))/((-1)/4). Let o(t) = -5*t**3 + 122*t**2 + 211*t - 77. Let b be o(26). What is the highest common factor of b and i?
1
Let d be 3/(-5) + (3 - 328/(-5)). What is the highest common factor of d and 1003?
17
Let p(k) = k**3 + 188*k**2 + 372*k + 220. Let n be p(-186). What is the highest common factor of n and 8250?
110
Let s be 28/12 + (-3 - (-80245)/33). Calculate the greatest common divisor of s and 143.
143
Suppose -4*k + 34791 = -5*m, k + m - 7*m = 8674. Calculate the greatest common factor of k and 384.
128
Suppose -u + 0*u = -5*b + 193, -196 = -5*b + 2*u. Let l be (-20)/(-90) + 50855/(-126)*16/(-10). Calculate the highest common divisor of b and l.
38
Let w = 49 - 30. Let m = -2664 - -2721. What is the highest common factor of w and m?
19
Let q = 45 - -46. Suppose -2*m + 622 = 4*f, f - m - q - 72 = 0. Suppose -4*u + f = 5*t - 66, t + 5*u - 28 = 0. What is the greatest common factor of t and 12?
12
Let v(f) = 786*f**3 + 11*f**2 + 24*f - 111. Let s be v(3). What is the highest common divisor of 3 and s?
3
Suppose 201 = 3*z + 192. Suppose 2*u + 5*t - 380 = 0, u - 778 = -z*u - t. Let a = -114 + u. Calculate the highest common divisor of a and 18.
9
Let o be ((-117475)/(-508) - (0 + 1/4))*5. What is the greatest common divisor of 77 and o?
77
Let m be 5/(30/56) - ((-1118)/39 - -27). Calculate the greatest common divisor of 14344 and m.
11
Let h = 18 - 16. Let x be 4*h*(-2)/12*3. Let c be (-6 + 0)/(x/12). Calculate the greatest common factor of c and 54.
18
Let a = 448 - 417. What is the highest common factor of 13 and a?
1
Let m(n) = n**2 - 1. Let h(b) = 2*b**2 - 5*b + 7. Let y(t) = -h(t) + 3*m(t). Let j be y(3). Calculate the greatest common factor of 70 and j.
14
Let g(b) = -b + 177. Let x(u) = 3*u - 265. Let k(d) = -7*g(d) - 5*x(d). Let f be k(7). What is the highest common factor of f and 480?
30
Let j(c) = c**3 + 31*c**2 + 26*c + 52. Let x = -213 + 183. Let w be j(x). What is the greatest common factor of w and 43?
43
Let a(w) = w**2 - 2*w + 266. Let z be a(0). Let c = -256 + z. Let l be (-3)/(-2)*16/6. What is the greatest common divisor of l and c?
2
Let y(z) = 5*z**2 - 5*z - 6. Let n be y(-2). Suppose -b + 10*p + 23 = 5*p, 17 = -b - 5*p. What is the greatest common factor of n and b?
3
Suppose -63*g + 9*g + 745308 = 0. What is the highest common factor of g and 67?
67
Suppose 0 = a - z - 238, 0*z = -2*a + 4*z + 486. Let u = a + -226. What is the greatest common factor of u and 21?
7
Suppose 11*r - 64 + 20 = 0. Let k(t) = -t**2 + 17*t - 29. Let i be k(15). What is the highest common factor of r and i?
1
Let v(f) = 10*f**2 - 44*f - 62. Let z be v(9). Let y(x) = -10*x + 4. Let s be y(-4). What is the highest common factor of s and z?
44
Let c = -9247 - -9419. Calculate the highest common divisor of 6493 and c.
43
Let i(b) = -12*b - 52. Let q be i(-6). Let t = q + -32. Let j(v) = 2*v**3 + 24*v**2 - 9*v + 12. Let l be j(t). What is the greatest common factor of l and 30?
30
Suppose 0*g + 95 = -5*g. Let t = g + 31. Let h(r) = r**3 - 12*r**2 + 6*r - 48. Let n be h(12). Calculate the greatest common factor of t and n.
12
Let q be 14896/6 - (-21*18/(-81) - 6). What is the highest common divisor of q and 92?
92
Suppose -3*t + 5*u - 723 = 0, -3*t + 2*t = -5*u + 241. Let k = 399 - t. Suppose i = -3*i + k. Calculate the greatest common factor of 20 and i.
20
Suppose 5*w + 15615 = 2*x, -238*x + 240*x = 2*w + 15618. Calculate the greatest common factor of 11 and x.
11
Let a be (70/6)/(1/3). Suppose -f = -2*i + 66, -257*i + 252*i = -5*f - 190. Calculate the greatest common divisor of a and i.
7
Let m(o) = -3*o**2 - 3*o - 62 - 3*o + 2*o - o**3 + 40 + 48. Let y be m(0). Calculate the highest common divisor of y and 4.
2
Let t = 10873 - 10849. What is the highest common divisor of 246 and t?
6
Let b(n) = -98*n + 1